e 4*i - a = 1. Let c(r) be the first derivative of 11*r**4/4 - r**2/2 + r - 38. Give c(i).
11
Let h(z) = -2*z**2 - 8*z - 6. Let v(r) = -r**2 - 3*r + 4. Let n(s) = -s**2 - 4*s + 5. Let w(i) = 3*n(i) - 4*v(i). Let f(b) = -h(b) - w(b). Give f(-6).
-5
Let l(t) = -t. Let s(b) = -6*b - 7. Let w(k) = -2*l(k) + s(k). Suppose 0 = -i + 12*i + 55. Give w(i).
13
Suppose -7 = -5*r + 13. Suppose -o + 5*y + 7 = -r*o, 5*y = 2*o + 13. Let v(b) = -b**2 - b + 5. Determine v(o).
-7
Let x(a) = 5*a - 11. Let k(w) = 13*w - 32. Let b(g) = -3*k(g) + 8*x(g). Determine b(-5).
3
Let g(t) be the first derivative of -t**4/4 + 2*t**3/3 - t**2/2 - 2*t + 27. Let z = -4 + 6. Suppose -7 = 5*f - 5*p + 3, 6 = -f + z*p. What is g(f)?
-4
Let d(f) = -8*f**2 - 4*f - 7. Let a(n) = 5*n**2 + 3*n + 5. Let g(v) = -7*a(v) - 5*d(v). Determine g(-1).
6
Let v(x) be the second derivative of -x**4/12 - 8*x**3/3 - 9*x**2/2 - 28*x + 6. Determine v(-15).
6
Let y = 63 + -71. Let r be y*4/24*3. Let u(x) = -x**3 - 4*x**2 + 3*x - 5. Determine u(r).
-17
Let w = 870 - 851. Let b(o) = -2*o**2 + 39*o - 13. Give b(w).
6
Let m(a) be the first derivative of -7/2*a**2 - 1/6*a**3 - 8 + 10*a. Let b(z) be the first derivative of m(z). Calculate b(-3).
-4
Let a(r) = r**3 - 3*r**2 - 6*r + 2. Let b be (-3)/12*2*-12. Let t be b/1 + 0 - 3. Suppose -2*h - t*k - 2 = -k, -3*k - 7 = 2*h. What is a(h)?
-6
Let m(u) be the second derivative of -4/3*u**3 + 1/12*u**4 + 0 + 5/2*u**2 + 2*u. Calculate m(6).
-7
Let v(c) = c**3 - 11*c**2 + 26*c - 163. Let x be v(10). Let s(g) = g**3 + 2*g**2 - 9*g - 16. Give s(x).
2
Let o = -7 + 3. Let s(x) = 31*x**3 + 21*x**2 - 8*x. Let b(d) = 25*d**3 + 18*d**2 - 6*d. Let r(f) = -5*b(f) + 4*s(f). What is r(o)?
-24
Let h(n) = -n**3 - 7*n**2 - 7*n - 7. Let m = -75 - -84. Let j be -2*m/21*7/1. Calculate h(j).
-1
Suppose 0 = 6*o - o - x - 12, 3*o = -4*x + 21. Let s be -4 + (-1 + 1)/o. Let u be (s + 1)*(-2 - -3). Let n(t) = -t - 3. Determine n(u).
0
Suppose 4*a = 3*k - 7, -k - 4*k = a - 27. Let r(q) be the first derivative of -5*q**2 - a*q + q**2 + 10 + 3*q**2. Determine r(2).
-6
Let c = 18 + -44. Let y = 15 + c. Let m(u) = 3*u**3 + 21*u**2 + 15*u - 1. Let a(l) = -l**3 - 7*l**2 - 5*l. Let s(r) = y*a(r) - 4*m(r). Determine s(-6).
-2
Let t(a) be the second derivative of a**4/12 - 7*a**3/6 - 10*a**2 + 22*a + 2. Give t(10).
10
Let v(d) = 4*d**2 + 3*d + 1. Suppose 0 = -c - 5*g - 22, 2*g - 8 = -3*c + 5*c. Let h = -1 - c. Let r be (-14)/h + 2/6. Calculate v(r).
11
Let j(i) = i**3 + 10*i**2 - 11*i - 11. Suppose 0 = -16*z + 27 - 203. What is j(z)?
-11
Let u(p) be the third derivative of -p**6/120 + p**5/10 + p**4/24 - 4*p**3/3 + 21*p**2. Suppose 3*l - 48 = l. Suppose m = -4*v + 10, l - 1 = 4*m - v. Give u(m).
-2
Let n be ((-5)/15)/(2/(-24)). Suppose n*p = -4*p - 48. Let c(k) = -k**2 - 8*k + 5. Give c(p).
17
Let r(z) = 7*z - 16. Suppose 7*n - 10 = -5*p + 2*n, -3*p = 4*n - 6. What is r(p)?
-2
Let h(g) = -g**2 + 7 + g**3 - 3*g**2 - g - g**2. Let o be -2 - -11 - (-2 + 0 + 1). Suppose 5*m = 3*m + o. Give h(m).
2
Let q(w) = 2*w**2 + 9580 - 3*w + 2*w - 9582. Let m(h) = h - 7. Let z be m(9). Calculate q(z).
4
Let h(d) = d**3 - 4*d**2 - 2*d - 7. Let n(v) = 137*v**2 + 2*v - 69*v**2 - 4*v**3 - 65*v**2. Let r be n(-1). What is h(r)?
8
Let a(i) = 0*i**3 - i**3 - 434*i - 6 + 435*i. Determine a(0).
-6
Let g(t) = t**2 - 3*t - 2. Let k be g(4). Suppose 4*j - 1 = -2*o + 3, -2*o + k*j + 4 = 0. Let a(y) = -y + 3 + 4 + y + o*y. Calculate a(-6).
-5
Let i(r) = r**2 - 6*r. Let t(g) = g**2 + 5*g - 31. Let h be t(-9). Suppose 13*j = 14*j - h. Calculate i(j).
-5
Let m(f) be the first derivative of -3*f**2/2 + 10*f - 63. Determine m(7).
-11
Let y(h) = 2*h - 4. Let d be ((-2)/(-3))/((-11)/(-198)). Let s(a) = -a + 0 + 3*a - d - a. Let r be s(7). What is y(r)?
-14
Let b(q) = -2*q**2 + 2*q - 2. Let f = 24 - 21. Suppose 0 = -f*h + h + 4. Calculate b(h).
-6
Suppose 3*h + 2*h = -5. Let y(z) be the second derivative of -z**5/5 - z**4/12 - z**3/6 + 12*z. What is y(h)?
4
Suppose -5*y - 5 = -10*y. Let h be 4/(-4) - y - 1. Let z(t) = -3*t - 1. Let x(w) = 4*w + 1. Let v(q) = h*z(q) - 2*x(q). Calculate v(3).
4
Suppose -3*a + 0*a + 3 = t, -5*t + 5*a = 5. Let v be (2 - -3)*(t + 2/2). Let s(m) = 2*m - 4. Determine s(v).
6
Let v(c) be the first derivative of 1/3*c**3 + 26 - 5*c + 1/2*c**2. What is v(-6)?
25
Suppose 3*i - 30 = -18. Let v(f) = -4*f**2 + f**3 - 3*f - f - i + 6*f + 0. Determine v(4).
4
Let i = -10 - -20. Let x(u) = i*u - 20*u + 2*u. Calculate x(1).
-8
Let m(b) = -b - 3. Let g = 34 + -22. Let r = -9 - -21. Let u = g - r. Give m(u).
-3
Let g(r) = 4*r**2 - r. Let j(o) = -5*o**2 - 1. Suppose 5 - 3 = y. Let a(k) = y*j(k) + 3*g(k). Let p(t) = -5*t + 28. Let n be p(5). Calculate a(n).
7
Let o(r) be the first derivative of r**4/4 - r**2 + 2*r + 622. Give o(-3).
-19
Let i be (-12)/18 + 12/(-9). Let t(a) = a**3 + 8*a**2 - 4*a - 9. Let r(k) = 2*k**3 + 15*k**2 - 8*k - 17. Let u(y) = -6*r(y) + 11*t(y). Calculate u(i).
-5
Let l(i) = -3*i**2 - 18*i + 22. Let s(z) = -2*z**2 - 8*z + 12. Let k(y) = 3*l(y) - 5*s(y). What is k(14)?
6
Let u(k) = -k**2 + 2. Let t be 1/(-2*(-5)/(-20)). Give u(t).
-2
Let w = -3 + 7. Let x(s) = 2*s**2 - 4*s + w*s - s**2 + 4*s - 4. Suppose 0 = 2*y + y - g + 18, -4*g + 12 = 0. Calculate x(y).
1
Suppose -21 = -3*t - 3. Let a be -2 - t/(-2) - 3. Let b(q) = 26265 - 26266 - 3*q - q. Determine b(a).
7
Let k(y) = y**2 - 11*y - 8. Let u = 98 - 87. Determine k(u).
-8
Let v(p) = p - 9. Let z(o) be the second derivative of o**5/20 - 7*o**4/12 + 3*o**3/2 + 2*o**2 + 3*o. Let t be z(5). Let l be (0/5)/(2 - t). Calculate v(l).
-9
Let h(j) = -97*j - 46 + 207*j - 107*j. What is h(11)?
-13
Let w(l) = l**3 - 3*l**2 - 3*l + 6. Suppose 0 = -47*b + 40*b + 280. Let a be 0/(-2) + 0 - 36. Let h = b + a. What is w(h)?
10
Suppose 4*m - 25 = -m. Suppose -5 = 5*v, -2*v + v + m = 2*i. Let k(d) = 5*d - i + 0*d - 4*d. Calculate k(7).
4
Let u(f) be the second derivative of -1/12*f**4 - 1/3*f**3 - 10*f + 0 - 1/2*f**2. Suppose 0 = -4*t - 12, 10 = -a - a - 2*t. What is u(a)?
-1
Suppose -8*h + 9*h - 29 = 0. Suppose -2*f - 7 = -5*s, 4*f - h = 3*f - 4*s. Let u(w) = w**2 - 8*w - 7. What is u(f)?
2
Suppose -6*p = p + 385. Let j = 59 + p. Let i(s) = s**3 - 4*s**2 - s + 4. Determine i(j).
0
Let y be (-6 + 6)*(0 - 1). Let m(c) = -c**2 + c + 4. Calculate m(y).
4
Suppose 8*f + 2 = 9*f. Let p(u) = f*u + u + u - u. Determine p(-1).
-3
Let f(q) = -q**3 - 4*q**2 - q. Suppose -2*w = -r - 4, -17 = -4*r - 2*w - w. Suppose 0 = -4*s + 3*s - 5, r*l - 1 = -s. Suppose 0 = b + 6 - l. Determine f(b).
-6
Let d(h) = -14*h**3 - 2*h**2 - 2*h - 1. Let p be -1 - 6*(-1)/(0 - 2). Let x be 6/(5 + -3) + 1*p. Determine d(x).
13
Suppose 4*d = 4*x + 4, -14*d = -16*d - 3*x + 22. Let y(t) = -t**2 + 8*t + 7. Give y(d).
22
Let a(j) = j**3 + 3. Suppose -10*v + 14*v + 12 = 0. Determine a(v).
-24
Let a(g) = -18*g**3 - 98*g**2 + 99*g**2 + 34*g**3. Suppose 3*y - 2*y = -1. Calculate a(y).
-15
Let q(t) = -t**3 - 5*t**2 + 7*t + 3. Let c(r) = -5*r**2 + 11*r**2 - 5*r**2 - 6 - 2*r**3 + 2*r - 3*r. Let w be c(0). Calculate q(w).
-3
Let c(t) = -17*t**3 + 17*t**2 + 9*t + 7. Let h(n) = -4*n**3 + 4*n**2 + 2*n + 2. Let l(m) = 2*c(m) - 9*h(m). What is l(3)?
32
Let c(g) = -2*g**2 + g. Let i be (-27)/(-6)*4/6*1. Calculate c(i).
-15
Let c(n) = 7887*n - 7886*n - 5*n**2 - 6*n**2 - 2. What is c(-2)?
-48
Let b = -1016 + 1018. Let z(w) be the second derivative of -w**2/2 - w. Let c(x) = -5*x + 5. Let l(v) = -c(v) - 2*z(v). Give l(b).
7
Let n(g) = -10*g**2 - 6*g - 17. Let s(z) = -22*z**2 - 13*z - 36. Let d(x) = 13*n(x) - 6*s(x). What is d(-5)?
45
Let o(i) be the third derivative of -i**5/60 - 5*i**4/24 + i**3 + 269*i**2. Suppose 6*v + 15 = 3*v. Give o(v).
6
Suppose 2*t + 5*z = -1, 2*z + 4 = t - 0. Let f(j) be the first derivative of 3/2*j**t - 1 + 2*j. Give f(4).
14
Suppose 4*b - 1 = -5. Suppose 2*a = -4*i + 12, -a - 3*a + 10 = i. Let n(r) = -6*r**a + 2*r**2 + 0*r**2. Determine n(b).
-4
Let f(y) = -y**2 + 13*y + 6. Let h(r) = -r**2 + 15*r - 1. Let d = 45 - 31. Let z be h(d). Give f(z).
6
Let n(l) = -l + 1. Suppose -3 = -3*q - 9. Let p be (2/6)/(2/(-24)*q). Calculate n(p).
-1
Let b(n) = -11*n - 5. Let h(c) = 7*c + 7. Let k(f) = 2*b(f) + 3*h(f). Calculate k(4).
7
Let z(w) be the third derivative of -w**6/120 + w**5/12 + w**4/3 - 4*w**